{"id":108,"date":"2014-01-15T20:28:59","date_gmt":"2014-01-15T19:28:59","guid":{"rendered":"http:\/\/www.equilons.fr\/?page_id=108"},"modified":"2022-11-10T13:54:25","modified_gmt":"2022-11-10T12:54:25","slug":"contact-2","status":"publish","type":"page","link":"http:\/\/www.equilons.fr\/?page_id=108","title":{"rendered":"Contact"},"content":{"rendered":"<p>[et_pb_section bb_built=&#8221;1&#8243; admin_label=&#8221;section&#8221; custom_padding=&#8221;0px|0px|0px|0px&#8221; fullwidth=&#8221;on&#8221;][et_pb_fullwidth_map admin_label=&#8221;Fullwidth Map&#8221; address=&#8221;39000 Lons-le-Saunier, France&#8221; zoom_level=&#8221;15&#8243; address_lat=&#8221;46.662630365784&#8243; address_lng=&#8221;5.5485441492126&#8243;] [et_pb_map_pin title=&#8221;Centre Hippique Mancy&#8221; pin_address=&#8221;700 Mont\u00e9e Gauthier Villars, 39000 Lons-le-Saunier, France&#8221; pin_address_lat=&#8221;46.6614228&#8243; pin_address_lng=&#8221;5.5477073&#8243;]<\/p>\n<p>700 Mont\u00e9e Gauthier Villars, 39000 Lons-le-Saunier, France<\/p>\n<p>[\/et_pb_map_pin] [\/et_pb_fullwidth_map][\/et_pb_section][et_pb_section bb_built=&#8221;1&#8243; admin_label=&#8221;section&#8221;][et_pb_row admin_label=&#8221;row&#8221; background_position=&#8221;top_left&#8221; background_repeat=&#8221;repeat&#8221; background_size=&#8221;initial&#8221;][et_pb_column type=&#8221;2_3&#8243;][et_pb_contact_form admin_label=&#8221;Contact Form&#8221; email=&#8221;equilons@lons-mancy.fr&#8221; title=&#8221;Contact&#8221; module_id=&#8221;et_pb_contact_form_0&#8243; _builder_version=&#8221;3.0.80&#8243; captcha=&#8221;on&#8221; use_redirect=&#8221;off&#8221; input_border_radius=&#8221;0&#8243; border_style=&#8221;solid&#8221; custom_button=&#8221;off&#8221; button_letter_spacing=&#8221;0&#8243; button_icon_placement=&#8221;right&#8221; button_letter_spacing_hover=&#8221;0&#8243;] [et_pb_contact_field field_id=&#8221;Name&#8221; field_title=&#8221;Nom&#8221;][\/et_pb_contact_field][et_pb_contact_field field_id=&#8221;Email&#8221; field_title=&#8221;Adresse e-mail&#8221; field_type=&#8221;email&#8221;][\/et_pb_contact_field][et_pb_contact_field field_id=&#8221;Message&#8221; field_title=&#8221;Message&#8221; field_type=&#8221;text&#8221; fullwidth_field=&#8221;on&#8221;][\/et_pb_contact_field] [\/et_pb_contact_form][\/et_pb_column][et_pb_column type=&#8221;1_3&#8243;][et_pb_text admin_label=&#8221;Text&#8221; background_position=&#8221;top_left&#8221; background_repeat=&#8221;repeat&#8221; background_size=&#8221;initial&#8221; _builder_version=&#8221;3.0.80&#8243; background_layout=&#8221;light&#8221; border_style=&#8221;solid&#8221;]<\/p>\n<h3>EquiLons<\/h3>\n<p><strong>Addresse :<\/strong>\u00a0Centre Hippique Mancy<\/p>\n<p>700 Mont\u00e9e Gauthier Villars, 39000 Lons-le-Saunier, France<\/p>\n<p><strong>T\u00e9l\u00e9phone :<\/strong>\u00a006 25 33 19 66<\/p>\n<p><strong>Mel :<\/strong> equilons@lons-mancy.fr<\/p>\n<p>[\/et_pb_text][\/et_pb_column][\/et_pb_row][\/et_pb_section]<\/p>\n","protected":false},"excerpt":{"rendered":"<p>700 Mont\u00e9e Gauthier Villars, 39000 Lons-le-Saunier, France EquiLons Addresse :\u00a0Centre Hippique Mancy 700 Mont\u00e9e Gauthier Villars, 39000 Lons-le-Saunier, France T\u00e9l\u00e9phone :\u00a006 25 33 19 66 Mel : equilons@lons-mancy.fr<\/p>\n","protected":false},"author":1,"featured_media":0,"parent":0,"menu_order":0,"comment_status":"closed","ping_status":"open","template":"","meta":{"_et_pb_use_builder":"on","_et_pb_old_content":"<p>Par t\u00e9l\u00e9phone:\u00a006 25 33 19 66<\/p><p>Par email: equilons@lons-mancy.fr<\/p><div class=\"fb-page\" data-href=\"https:\/\/www.facebook.com\/EquicommerceInternationalLonslesaunier\" data-tabs=\"timeline\" data-small-header=\"false\" data-adapt-container-width=\"true\" data-hide-cover=\"false\" data-show-facepile=\"true\"><blockquote class=\"fb-xfbml-parse-ignore\" cite=\"https:\/\/www.facebook.com\/EquicommerceInternationalLonslesaunier\"><p><a href=\"https:\/\/www.facebook.com\/EquicommerceInternationalLonslesaunier\">EquiLons<\/a><\/p><\/blockquote><\/div>","_et_gb_content_width":"","jetpack_post_was_ever_published":false,"footnotes":""},"class_list":["post-108","page","type-page","status-publish","hentry"],"jetpack_sharing_enabled":true,"jetpack_shortlink":"https:\/\/wp.me\/P5jhwa-1K","_links":{"self":[{"href":"http:\/\/www.equilons.fr\/index.php?rest_route=\/wp\/v2\/pages\/108","targetHints":{"allow":["GET"]}}],"collection":[{"href":"http:\/\/www.equilons.fr\/index.php?rest_route=\/wp\/v2\/pages"}],"about":[{"href":"http:\/\/www.equilons.fr\/index.php?rest_route=\/wp\/v2\/types\/page"}],"author":[{"embeddable":true,"href":"http:\/\/www.equilons.fr\/index.php?rest_route=\/wp\/v2\/users\/1"}],"replies":[{"embeddable":true,"href":"http:\/\/www.equilons.fr\/index.php?rest_route=%2Fwp%2Fv2%2Fcomments&post=108"}],"version-history":[{"count":12,"href":"http:\/\/www.equilons.fr\/index.php?rest_route=\/wp\/v2\/pages\/108\/revisions"}],"predecessor-version":[{"id":1843,"href":"http:\/\/www.equilons.fr\/index.php?rest_route=\/wp\/v2\/pages\/108\/revisions\/1843"}],"wp:attachment":[{"href":"http:\/\/www.equilons.fr\/index.php?rest_route=%2Fwp%2Fv2%2Fmedia&parent=108"}],"curies":[{"name":"wp","href":"https:\/\/api.w.org\/{rel}","templated":true}]}}