{"id":51,"date":"2015-01-20T10:15:25","date_gmt":"2015-01-20T09:15:25","guid":{"rendered":"http:\/\/www.equilons.fr\/?page_id=51"},"modified":"2022-11-10T14:26:22","modified_gmt":"2022-11-10T13:26:22","slug":"programme","status":"publish","type":"page","link":"http:\/\/www.equilons.fr\/?page_id=51","title":{"rendered":"Programme"},"content":{"rendered":"<p>[et_pb_section fb_built=&#8221;1&#8243; admin_label=&#8221;section&#8221; _builder_version=&#8221;3.22&#8243; global_colors_info=&#8221;{}&#8221;][et_pb_row admin_label=&#8221;row&#8221; _builder_version=&#8221;3.25&#8243; background_size=&#8221;initial&#8221; background_position=&#8221;top_left&#8221; background_repeat=&#8221;repeat&#8221; global_colors_info=&#8221;{}&#8221;][et_pb_column type=&#8221;4_4&#8243; _builder_version=&#8221;3.25&#8243; custom_padding=&#8221;|||&#8221; global_colors_info=&#8221;{}&#8221; custom_padding__hover=&#8221;|||&#8221;][et_pb_text admin_label=&#8221;Text&#8221; _builder_version=&#8221;3.27.4&#8243; background_size=&#8221;initial&#8221; background_position=&#8221;top_left&#8221; background_repeat=&#8221;repeat&#8221; global_colors_info=&#8221;{}&#8221;]<\/p>\n<p><strong>Le programme Equilons 2022 :<\/strong><\/p>\n<ul>\n<li>16 et 17 novembre de 16h30 \u00e0 19h30 et 18 novembre de 17h \u00e0 19h : d\u00e9p\u00f4t du mat\u00e9riel pour le vide sellerie au Centre Hippique<\/li>\n<li>Samedi soir 19h : spectacle \u00e9questre (entr\u00e9e 6\u20ac)<\/li>\n<li>Dimanche matin : concours<\/li>\n<li>Dimanche de 10h \u00e0 17h : pr\u00e9sentation et essai des chevaux, vide sellerie<\/li>\n<li>Repas Franc-Comtois \u00e0 partir de 12h<\/li>\n<\/ul>\n<p>&nbsp;<\/p>\n<p style=\"text-align: center;\">\n<p>[\/et_pb_text][\/et_pb_column][\/et_pb_row][\/et_pb_section][et_pb_section fb_built=&#8221;1&#8243; specialty=&#8221;on&#8221; _builder_version=&#8221;4.10.8&#8243; _module_preset=&#8221;default&#8221; custom_margin=&#8221;-93px|||||&#8221;][et_pb_column type=&#8221;1_4&#8243;][et_pb_image src=&#8221;http:\/\/www.equilons.fr\/wp-content\/uploads\/2022\/11\/Equilons-Menu-2022_page-0001.jpg&#8221; _builder_version=&#8221;4.10.8&#8243; _module_preset=&#8221;default&#8221; title_text=&#8221;Equilons-Menu-2022_page-0001&#8243; hover_enabled=&#8221;0&#8243; sticky_enabled=&#8221;0&#8243; width=&#8221;100%&#8221;][\/et_pb_image][\/et_pb_column][et_pb_column type=&#8221;1_2&#8243; specialty_columns=&#8221;2&#8243;][et_pb_row_inner _builder_version=&#8221;4.10.8&#8243; _module_preset=&#8221;default&#8221;][et_pb_column_inner saved_specialty_column_type=&#8221;1_2&#8243; _builder_version=&#8221;4.10.8&#8243; _module_preset=&#8221;default&#8221;][et_pb_image src=&#8221;http:\/\/www.equilons.fr\/wp-content\/uploads\/2022\/11\/E-Q-U-I-L-O-N-S-1_page-0001-scaled.jpg&#8221; _builder_version=&#8221;4.10.8&#8243; _module_preset=&#8221;default&#8221; title_text=&#8221;E Q U I L O N S (1)_page-0001&#8243; hover_enabled=&#8221;0&#8243; sticky_enabled=&#8221;0&#8243;][\/et_pb_image][\/et_pb_column_inner][\/et_pb_row_inner][\/et_pb_column][et_pb_column type=&#8221;1_4&#8243;][et_pb_image src=&#8221;http:\/\/www.equilons.fr\/wp-content\/uploads\/2022\/11\/313402011_586944693441006_3174852152298956701_n.jpg&#8221; _builder_version=&#8221;4.10.8&#8243; _module_preset=&#8221;default&#8221; title_text=&#8221;313402011_586944693441006_3174852152298956701_n&#8221; hover_enabled=&#8221;0&#8243; sticky_enabled=&#8221;0&#8243; width=&#8221;100%&#8221;][\/et_pb_image][\/et_pb_column][\/et_pb_section]<\/p>\n","protected":false},"excerpt":{"rendered":"<p>Le programme Equilons 2022 : 16 et 17 novembre de 16h30 \u00e0 19h30 et 18 novembre de 17h \u00e0 19h : d\u00e9p\u00f4t du mat\u00e9riel pour le vide sellerie au Centre Hippique Samedi soir 19h : spectacle \u00e9questre (entr\u00e9e 6\u20ac) Dimanche matin : concours Dimanche de 10h \u00e0 17h : pr\u00e9sentation et essai des chevaux, vide [&hellip;]<\/p>\n","protected":false},"author":1,"featured_media":0,"parent":0,"menu_order":0,"comment_status":"closed","ping_status":"open","template":"","meta":{"_et_pb_use_builder":"on","_et_pb_old_content":"<strong>Le programme d\u00e9taill\u00e9 de la journ\u00e9e du 17 Novembre 2019 :<\/strong>\n<ul>\n \t<li>Accueil des chevaux de 8h \u00e0 10h (accueil possible veille sur demande)<\/li>\n \t<li>D\u00e9but des pr\u00e9sentations en man\u00e8ge \u00e0 partir de 10h (pour \u00e9quid\u00e9s de sport et de loisirs)<\/li>\n \t<li>Concours de 9h \u00e0 11h pr\u00e9paration 80 cm et pr\u00e9paration 1m en carri\u00e8re, ouvert \u00e0 tous, engagement sur FFE (SIF)<\/li>\n \t<li>Ap\u00e9ritif offert \u00e0 partir de 12h<\/li>\n \t<li>Remise des dipl\u00f4mes des \u00e9l\u00e8ves de MANCY promotion 2019 \u00e0 12h30<\/li>\n \t<li>Repas Franc-Comtois \u00e0 partir de 12h30<\/li>\n \t<li>Pr\u00e9sentations en carri\u00e8re \u00e0 partir de 13h00 (saut ou plat) ; en cas de mauvais temps, possible replis sur le man\u00e8ge<\/li>\n \t<li>A partir de 14h : possibilit\u00e9 d'essais priv\u00e9s des \u00e9quid\u00e9s en man\u00e8ge (ou en carri\u00e8re en cas de mauvais temps)<\/li>\n<\/ul>\n<p style=\"text-align: left;\">Pour faciliter votre s\u00e9jour au centre \u00e9questre, nous vous proposons un service afin que vous puissiez profiter pleinement de cette journ\u00e9e.<\/p>\n<p style=\"text-align: left;\">- Le service toilettage comprend la pr\u00e9paration de vos chevaux et poneys ( pansage, piontage...)<\/p>\n<p style=\"text-align: left;\">Pour b\u00e9n\u00e9ficier de ce service, il vous suffit de le signaler lors du remplissage du formulaire d'inscription !<\/p>\n<p style=\"text-align: center;\"><\/p>","_et_gb_content_width":"","jetpack_post_was_ever_published":false,"footnotes":""},"class_list":["post-51","page","type-page","status-publish","hentry"],"jetpack_sharing_enabled":true,"jetpack_shortlink":"https:\/\/wp.me\/P5jhwa-P","_links":{"self":[{"href":"http:\/\/www.equilons.fr\/index.php?rest_route=\/wp\/v2\/pages\/51","targetHints":{"allow":["GET"]}}],"collection":[{"href":"http:\/\/www.equilons.fr\/index.php?rest_route=\/wp\/v2\/pages"}],"about":[{"href":"http:\/\/www.equilons.fr\/index.php?rest_route=\/wp\/v2\/types\/page"}],"author":[{"embeddable":true,"href":"http:\/\/www.equilons.fr\/index.php?rest_route=\/wp\/v2\/users\/1"}],"replies":[{"embeddable":true,"href":"http:\/\/www.equilons.fr\/index.php?rest_route=%2Fwp%2Fv2%2Fcomments&post=51"}],"version-history":[{"count":24,"href":"http:\/\/www.equilons.fr\/index.php?rest_route=\/wp\/v2\/pages\/51\/revisions"}],"predecessor-version":[{"id":1790,"href":"http:\/\/www.equilons.fr\/index.php?rest_route=\/wp\/v2\/pages\/51\/revisions\/1790"}],"wp:attachment":[{"href":"http:\/\/www.equilons.fr\/index.php?rest_route=%2Fwp%2Fv2%2Fmedia&parent=51"}],"curies":[{"name":"wp","href":"https:\/\/api.w.org\/{rel}","templated":true}]}}

<p>[et_pb_section fb_built=&#8221;1&#8243; admin_label=&#8221;section&#8221; _builder_version=&#8221;3.22&#8243; global_colors_info=&#8221;{}&#8221;][et_pb_row admin_label=&#8221;row&#8221; _builder_version=&#8221;3.25&#8243; background_size=&#8221;initial&#8221; background_position=&#8221;top_left&#8221; background_repeat=&#8221;repeat&#8221; global_colors_info=&#8221;{}&#8221;][et_pb_column type=&#8221;4_4&#8243; _builder_version=&#8221;3.25&#8243; custom_padding=&#8221;|||&#8221; global_colors_info=&#8221;{}&#8221; custom_padding__hover=&#8221;|||&#8221;][et_pb_text admin_label=&#8221;Text&#8221; _builder_version=&#8221;3.27.4&#8243; background_size=&#8221;initial&#8221; background_position=&#8221;top_left&#8221; background_repeat=&#8221;repeat&#8221; global_colors_info=&#8221;{}&#8221;]</p>
<p><strong>Le programme Equilons 2022 :</strong></p>
<ul>
<li>16 et 17 novembre de 16h30 à 19h30 et 18 novembre de 17h à 19h : dépôt du matériel pour le vide sellerie au Centre Hippique</li>
<li>Samedi soir 19h : spectacle équestre (entrée 6€)</li>
<li>Dimanche matin : concours</li>
<li>Dimanche de 10h à 17h : présentation et essai des chevaux, vide sellerie</li>
<li>Repas Franc-Comtois à partir de 12h</li>
</ul>
<p>&nbsp;</p>
<p style="text-align: center;">
<p>[/et_pb_text][/et_pb_column][/et_pb_row][/et_pb_section][et_pb_section fb_built=&#8221;1&#8243; specialty=&#8221;on&#8221; _builder_version=&#8221;4.10.8&#8243; _module_preset=&#8221;default&#8221; custom_margin=&#8221;-93px|||||&#8221;][et_pb_column type=&#8221;1_4&#8243;][et_pb_image src=&#8221;http://www.equilons.fr/wp-content/uploads/2022/11/Equilons-Menu-2022_page-0001.jpg&#8221; _builder_version=&#8221;4.10.8&#8243; _module_preset=&#8221;default&#8221; title_text=&#8221;Equilons-Menu-2022_page-0001&#8243; hover_enabled=&#8221;0&#8243; sticky_enabled=&#8221;0&#8243; width=&#8221;100%&#8221;][/et_pb_image][/et_pb_column][et_pb_column type=&#8221;1_2&#8243; specialty_columns=&#8221;2&#8243;][et_pb_row_inner _builder_version=&#8221;4.10.8&#8243; _module_preset=&#8221;default&#8221;][et_pb_column_inner saved_specialty_column_type=&#8221;1_2&#8243; _builder_version=&#8221;4.10.8&#8243; _module_preset=&#8221;default&#8221;][et_pb_image src=&#8221;http://www.equilons.fr/wp-content/uploads/2022/11/E-Q-U-I-L-O-N-S-1_page-0001-scaled.jpg&#8221; _builder_version=&#8221;4.10.8&#8243; _module_preset=&#8221;default&#8221; title_text=&#8221;E Q U I L O N S (1)_page-0001&#8243; hover_enabled=&#8221;0&#8243; sticky_enabled=&#8221;0&#8243;][/et_pb_image][/et_pb_column_inner][/et_pb_row_inner][/et_pb_column][et_pb_column type=&#8221;1_4&#8243;][et_pb_image src=&#8221;http://www.equilons.fr/wp-content/uploads/2022/11/313402011_586944693441006_3174852152298956701_n.jpg&#8221; _builder_version=&#8221;4.10.8&#8243; _module_preset=&#8221;default&#8221; title_text=&#8221;313402011_586944693441006_3174852152298956701_n&#8221; hover_enabled=&#8221;0&#8243; sticky_enabled=&#8221;0&#8243; width=&#8221;100%&#8221;][/et_pb_image][/et_pb_column][/et_pb_section]</p>

<p>Le programme Equilons 2022 : 16 et 17 novembre de 16h30 à 19h30 et 18 novembre de 17h à 19h : dépôt du matériel pour le vide sellerie au Centre Hippique Samedi soir 19h : spectacle équestre (entrée 6€) Dimanche matin : concours Dimanche de 10h à 17h : présentation et essai des chevaux, vide [&hellip;]</p>

<strong>Le programme détaillé de la journée du 17 Novembre 2019 :</strong>
<ul>
 	<li>Accueil des chevaux de 8h à 10h (accueil possible veille sur demande)</li>
 	<li>Début des présentations en manège à partir de 10h (pour équidés de sport et de loisirs)</li>
 	<li>Concours de 9h à 11h préparation 80 cm et préparation 1m en carrière, ouvert à tous, engagement sur FFE (SIF)</li>
 	<li>Apéritif offert à partir de 12h</li>
 	<li>Remise des diplômes des élèves de MANCY promotion 2019 à 12h30</li>
 	<li>Repas Franc-Comtois à partir de 12h30</li>
 	<li>Présentations en carrière à partir de 13h00 (saut ou plat) ; en cas de mauvais temps, possible replis sur le manège</li>
 	<li>A partir de 14h : possibilité d'essais privés des équidés en manège (ou en carrière en cas de mauvais temps)</li>
</ul>
<p style="text-align: left;">Pour faciliter votre séjour au centre équestre, nous vous proposons un service afin que vous puissiez profiter pleinement de cette journée.</p>
<p style="text-align: left;">- Le service toilettage comprend la préparation de vos chevaux et poneys ( pansage, piontage...)</p>
<p style="text-align: left;">Pour bénéficier de ce service, il vous suffit de le signaler lors du remplissage du formulaire d'inscription !</p>
<p style="text-align: center;"></p>
